{"id":23,"date":"2015-07-24T11:59:21","date_gmt":"2015-07-24T11:59:21","guid":{"rendered":"http:\/\/nuttyscientists.co\/subsite\/?page_id=23"},"modified":"2024-02-14T04:39:46","modified_gmt":"2024-02-14T10:39:46","slug":"special-events","status":"publish","type":"page","link":"https:\/\/nuttyscientists.com\/plantilla2024v2\/our-programs-events\/special-events\/","title":{"rendered":"Eventos especiales"},"content":{"rendered":"<p>Nutty Scientists le ofrece la oportunidad de deleitar a las familias de la CDMX con espect\u00e1culos y talleres de car\u00e1cter cient\u00edfico muy entretenidos. Como plus, podemos ayudarle a incrementar la lealtad de tus clientes y el tiempo de permanencia de tus visitantes en tu centro comercial, feria o club social. Personalizamos los eventos para satisfacer las necesidades y presupuestos de nuestros clientes de CDMX.<\/p>\n\t\t\t<div class=\"colored-container\" style=\"background-color: #f05523;\" >\r\n\t\t\t\t\t\t\t\t\t<h2><span>Objetivos de eventos especiales<\/span><\/h2>\r\n\t\t\t\t\r\n\t\t\t\t<ol>\n<li>Nutty Scientists pretende despertar la curiosidad y la imaginaci\u00f3n de los ni\u00f1os mediante su participaci\u00f3n en actividades divertidas basadas en un s\u00f3lido contenido educativo.<\/li>\n<li>Jugando y participando, llegar\u00e1n a comprender la importancia de la ciencia y su efecto real en el mundo que nos rodea.<\/li>\n<\/ol>\n\t\t\t<\/div>\r\n\t\t\n\t\t\t<div class=\"colored-container\" style=\"background-color: #0091d1;\" >\r\n\t\t\t\t\t\t\t\t\t<h2><span>\u00bfQu\u00e9 puede esperar?<\/span><\/h2>\r\n\t\t\t\t\r\n\t\t\t\t<ul>\n<li>Nuestros eventos se adaptan a sus necesidades y en ellos combinamos diferentes actividades como espect\u00e1culos interactivos o mesas de laboratorio.<\/li>\n<li>Un espect\u00e1culo puede durar entre 30 minutos y 1 hora.<\/li>\n<li>Los laboratorios se desarrollan en un entorno colaborativo en el que los ni\u00f1os pueden interactuar, crear y divertirse con distintos experimentos.<\/li>\n<li>Nuestros eventos aumentan la asistencia y duraci\u00f3n de la estancia de sus visitas en su centro comercial, feria o ubicaci\u00f3n.<\/li>\n<\/ul>\n\t\t\t<\/div>\r\n\t\t\n<p>&nbsp;<\/p>\n","protected":false},"excerpt":{"rendered":"Nutty Scientists le ofrece la oportunidad de deleitar a las familias de la CDMX con espect\u00e1culos y talleres de car\u00e1cter cient\u00edfico muy entretenidos. Como plus, podemos ayudarle a incrementar la lealtad de tus clientes y el tiempo de permanencia de tus visitantes\n <a href=\"https:\/\/nuttyscientists.com\/plantilla2024v2\/our-programs-events\/special-events\/\" class=\"link-more\">Read more<\/a>","protected":false},"author":1,"featured_media":240,"parent":7,"menu_order":4,"comment_status":"open","ping_status":"open","template":"","meta":{"footnotes":""},"class_list":["post-23","page","type-page","status-publish","has-post-thumbnail","hentry"],"yoast_head":"<!-- This site is optimized with the Yoast SEO plugin v26.2 - https:\/\/yoast.com\/wordpress\/plugins\/seo\/ -->\n<title>Eventos especiales - Plantilla 2024 v2<\/title>\n<meta name=\"robots\" content=\"index, follow, max-snippet:-1, max-image-preview:large, max-video-preview:-1\" \/>\n<link rel=\"canonical\" href=\"https:\/\/nuttyscientists.com\/plantilla2024v2\/our-programs-events\/special-events\/\" \/>\n<meta property=\"og:locale\" content=\"es_ES\" \/>\n<meta property=\"og:type\" content=\"article\" \/>\n<meta property=\"og:title\" content=\"Eventos especiales - Plantilla 2024 v2\" \/>\n<meta property=\"og:description\" content=\"Nutty Scientists le ofrece la oportunidad de deleitar a las familias de la CDMX con espect\u00e1culos y talleres de car\u00e1cter cient\u00edfico muy entretenidos. Como plus, podemos ayudarle a incrementar la lealtad de tus clientes y el tiempo de permanencia de tus visitantes{{{https:\/\/nuttyscientists.com\/plantilla2024v2\/our-programs-events\/special-events\/}}}\" \/>\n<meta property=\"og:url\" content=\"https:\/\/nuttyscientists.com\/plantilla2024v2\/our-programs-events\/special-events\/\" \/>\n<meta property=\"og:site_name\" content=\"Plantilla 2024 v2\" \/>\n<meta property=\"article:publisher\" content=\"https:\/\/www.facebook.com\/nuttyscientistshudsonvalley\" \/>\n<meta property=\"article:modified_time\" content=\"2024-02-14T10:39:46+00:00\" \/>\n<meta property=\"og:image\" content=\"https:\/\/nuttyscientists.com\/plantilla2024v2\/wp-content\/uploads\/sites\/42\/2015\/07\/featured-image-9.jpg\" \/>\n\t<meta property=\"og:image:width\" content=\"1400\" \/>\n\t<meta property=\"og:image:height\" content=\"435\" \/>\n\t<meta property=\"og:image:type\" content=\"image\/jpeg\" \/>\n<meta name=\"twitter:card\" content=\"summary_large_image\" \/>\n<meta name=\"twitter:label1\" content=\"Tiempo de lectura\" \/>\n\t<meta name=\"twitter:data1\" content=\"2 minutos\" \/>\n<script type=\"application\/ld+json\" class=\"yoast-schema-graph\">{\"@context\":\"https:\/\/schema.org\",\"@graph\":[{\"@type\":\"WebPage\",\"@id\":\"https:\/\/nuttyscientists.com\/plantilla2024v2\/our-programs-events\/special-events\/\",\"url\":\"https:\/\/nuttyscientists.com\/plantilla2024v2\/our-programs-events\/special-events\/\",\"name\":\"Eventos especiales - Plantilla 2024 v2\",\"isPartOf\":{\"@id\":\"https:\/\/nuttyscientists.com\/plantilla2024v2\/#website\"},\"primaryImageOfPage\":{\"@id\":\"https:\/\/nuttyscientists.com\/plantilla2024v2\/our-programs-events\/special-events\/#primaryimage\"},\"image\":{\"@id\":\"https:\/\/nuttyscientists.com\/plantilla2024v2\/our-programs-events\/special-events\/#primaryimage\"},\"thumbnailUrl\":\"https:\/\/nuttyscientists.com\/plantilla2024v2\/wp-content\/uploads\/sites\/42\/2015\/07\/featured-image-9.jpg\",\"datePublished\":\"2015-07-24T11:59:21+00:00\",\"dateModified\":\"2024-02-14T10:39:46+00:00\",\"breadcrumb\":{\"@id\":\"https:\/\/nuttyscientists.com\/plantilla2024v2\/our-programs-events\/special-events\/#breadcrumb\"},\"inLanguage\":\"es\",\"potentialAction\":[{\"@type\":\"ReadAction\",\"target\":[\"https:\/\/nuttyscientists.com\/plantilla2024v2\/our-programs-events\/special-events\/\"]}]},{\"@type\":\"ImageObject\",\"inLanguage\":\"es\",\"@id\":\"https:\/\/nuttyscientists.com\/plantilla2024v2\/our-programs-events\/special-events\/#primaryimage\",\"url\":\"https:\/\/nuttyscientists.com\/plantilla2024v2\/wp-content\/uploads\/sites\/42\/2015\/07\/featured-image-9.jpg\",\"contentUrl\":\"https:\/\/nuttyscientists.com\/plantilla2024v2\/wp-content\/uploads\/sites\/42\/2015\/07\/featured-image-9.jpg\",\"width\":1400,\"height\":435},{\"@type\":\"BreadcrumbList\",\"@id\":\"https:\/\/nuttyscientists.com\/plantilla2024v2\/our-programs-events\/special-events\/#breadcrumb\",\"itemListElement\":[{\"@type\":\"ListItem\",\"position\":1,\"name\":\"Home\",\"item\":\"https:\/\/nuttyscientists.com\/plantilla2024v2\/\"},{\"@type\":\"ListItem\",\"position\":2,\"name\":\"Nuestros programas y eventos\",\"item\":\"https:\/\/nuttyscientists.com\/plantilla2024v2\/our-programs-events\/\"},{\"@type\":\"ListItem\",\"position\":3,\"name\":\"Eventos especiales\"}]},{\"@type\":\"WebSite\",\"@id\":\"https:\/\/nuttyscientists.com\/plantilla2024v2\/#website\",\"url\":\"https:\/\/nuttyscientists.com\/plantilla2024v2\/\",\"name\":\"Plantilla 2024 v2\",\"description\":\"Outreach STEAM programs for kids in the CDMX\",\"publisher\":{\"@id\":\"https:\/\/nuttyscientists.com\/plantilla2024v2\/#organization\"},\"potentialAction\":[{\"@type\":\"SearchAction\",\"target\":{\"@type\":\"EntryPoint\",\"urlTemplate\":\"https:\/\/nuttyscientists.com\/plantilla2024v2\/?s={search_term_string}\"},\"query-input\":{\"@type\":\"PropertyValueSpecification\",\"valueRequired\":true,\"valueName\":\"search_term_string\"}}],\"inLanguage\":\"es\"},{\"@type\":\"Organization\",\"@id\":\"https:\/\/nuttyscientists.com\/plantilla2024v2\/#organization\",\"name\":\"Plantilla 2024 v2\",\"url\":\"https:\/\/nuttyscientists.com\/plantilla2024v2\/\",\"logo\":{\"@type\":\"ImageObject\",\"inLanguage\":\"es\",\"@id\":\"https:\/\/nuttyscientists.com\/plantilla2024v2\/#\/schema\/logo\/image\/\",\"url\":\"https:\/\/nuttyscientists.com\/plantilla2024v2\/wp-content\/uploads\/sites\/42\/2023\/03\/logosnutty-03.png\",\"contentUrl\":\"https:\/\/nuttyscientists.com\/plantilla2024v2\/wp-content\/uploads\/sites\/42\/2023\/03\/logosnutty-03.png\",\"width\":1754,\"height\":1742,\"caption\":\"Plantilla 2024 v2\"},\"image\":{\"@id\":\"https:\/\/nuttyscientists.com\/plantilla2024v2\/#\/schema\/logo\/image\/\"},\"sameAs\":[\"https:\/\/www.facebook.com\/nuttyscientistshudsonvalley\"]}]}<\/script>\n<!-- \/ Yoast SEO plugin. -->","yoast_head_json":{"title":"Eventos especiales - Plantilla 2024 v2","robots":{"index":"index","follow":"follow","max-snippet":"max-snippet:-1","max-image-preview":"max-image-preview:large","max-video-preview":"max-video-preview:-1"},"canonical":"https:\/\/nuttyscientists.com\/plantilla2024v2\/our-programs-events\/special-events\/","og_locale":"es_ES","og_type":"article","og_title":"Eventos especiales - Plantilla 2024 v2","og_description":"Nutty Scientists le ofrece la oportunidad de deleitar a las familias de la CDMX con espect\u00e1culos y talleres de car\u00e1cter cient\u00edfico muy entretenidos. Como plus, podemos ayudarle a incrementar la lealtad de tus clientes y el tiempo de permanencia de tus visitantes{{{https:\/\/nuttyscientists.com\/plantilla2024v2\/our-programs-events\/special-events\/}}}","og_url":"https:\/\/nuttyscientists.com\/plantilla2024v2\/our-programs-events\/special-events\/","og_site_name":"Plantilla 2024 v2","article_publisher":"https:\/\/www.facebook.com\/nuttyscientistshudsonvalley","article_modified_time":"2024-02-14T10:39:46+00:00","og_image":[{"width":1400,"height":435,"url":"https:\/\/nuttyscientists.com\/plantilla2024v2\/wp-content\/uploads\/sites\/42\/2015\/07\/featured-image-9.jpg","type":"image\/jpeg"}],"twitter_card":"summary_large_image","twitter_misc":{"Tiempo de lectura":"2 minutos"},"schema":{"@context":"https:\/\/schema.org","@graph":[{"@type":"WebPage","@id":"https:\/\/nuttyscientists.com\/plantilla2024v2\/our-programs-events\/special-events\/","url":"https:\/\/nuttyscientists.com\/plantilla2024v2\/our-programs-events\/special-events\/","name":"Eventos especiales - Plantilla 2024 v2","isPartOf":{"@id":"https:\/\/nuttyscientists.com\/plantilla2024v2\/#website"},"primaryImageOfPage":{"@id":"https:\/\/nuttyscientists.com\/plantilla2024v2\/our-programs-events\/special-events\/#primaryimage"},"image":{"@id":"https:\/\/nuttyscientists.com\/plantilla2024v2\/our-programs-events\/special-events\/#primaryimage"},"thumbnailUrl":"https:\/\/nuttyscientists.com\/plantilla2024v2\/wp-content\/uploads\/sites\/42\/2015\/07\/featured-image-9.jpg","datePublished":"2015-07-24T11:59:21+00:00","dateModified":"2024-02-14T10:39:46+00:00","breadcrumb":{"@id":"https:\/\/nuttyscientists.com\/plantilla2024v2\/our-programs-events\/special-events\/#breadcrumb"},"inLanguage":"es","potentialAction":[{"@type":"ReadAction","target":["https:\/\/nuttyscientists.com\/plantilla2024v2\/our-programs-events\/special-events\/"]}]},{"@type":"ImageObject","inLanguage":"es","@id":"https:\/\/nuttyscientists.com\/plantilla2024v2\/our-programs-events\/special-events\/#primaryimage","url":"https:\/\/nuttyscientists.com\/plantilla2024v2\/wp-content\/uploads\/sites\/42\/2015\/07\/featured-image-9.jpg","contentUrl":"https:\/\/nuttyscientists.com\/plantilla2024v2\/wp-content\/uploads\/sites\/42\/2015\/07\/featured-image-9.jpg","width":1400,"height":435},{"@type":"BreadcrumbList","@id":"https:\/\/nuttyscientists.com\/plantilla2024v2\/our-programs-events\/special-events\/#breadcrumb","itemListElement":[{"@type":"ListItem","position":1,"name":"Home","item":"https:\/\/nuttyscientists.com\/plantilla2024v2\/"},{"@type":"ListItem","position":2,"name":"Nuestros programas y eventos","item":"https:\/\/nuttyscientists.com\/plantilla2024v2\/our-programs-events\/"},{"@type":"ListItem","position":3,"name":"Eventos especiales"}]},{"@type":"WebSite","@id":"https:\/\/nuttyscientists.com\/plantilla2024v2\/#website","url":"https:\/\/nuttyscientists.com\/plantilla2024v2\/","name":"Plantilla 2024 v2","description":"Outreach STEAM programs for kids in the CDMX","publisher":{"@id":"https:\/\/nuttyscientists.com\/plantilla2024v2\/#organization"},"potentialAction":[{"@type":"SearchAction","target":{"@type":"EntryPoint","urlTemplate":"https:\/\/nuttyscientists.com\/plantilla2024v2\/?s={search_term_string}"},"query-input":{"@type":"PropertyValueSpecification","valueRequired":true,"valueName":"search_term_string"}}],"inLanguage":"es"},{"@type":"Organization","@id":"https:\/\/nuttyscientists.com\/plantilla2024v2\/#organization","name":"Plantilla 2024 v2","url":"https:\/\/nuttyscientists.com\/plantilla2024v2\/","logo":{"@type":"ImageObject","inLanguage":"es","@id":"https:\/\/nuttyscientists.com\/plantilla2024v2\/#\/schema\/logo\/image\/","url":"https:\/\/nuttyscientists.com\/plantilla2024v2\/wp-content\/uploads\/sites\/42\/2023\/03\/logosnutty-03.png","contentUrl":"https:\/\/nuttyscientists.com\/plantilla2024v2\/wp-content\/uploads\/sites\/42\/2023\/03\/logosnutty-03.png","width":1754,"height":1742,"caption":"Plantilla 2024 v2"},"image":{"@id":"https:\/\/nuttyscientists.com\/plantilla2024v2\/#\/schema\/logo\/image\/"},"sameAs":["https:\/\/www.facebook.com\/nuttyscientistshudsonvalley"]}]}},"aioseo_notices":[],"_links":{"self":[{"href":"https:\/\/nuttyscientists.com\/plantilla2024v2\/wp-json\/wp\/v2\/pages\/23","targetHints":{"allow":["GET"]}}],"collection":[{"href":"https:\/\/nuttyscientists.com\/plantilla2024v2\/wp-json\/wp\/v2\/pages"}],"about":[{"href":"https:\/\/nuttyscientists.com\/plantilla2024v2\/wp-json\/wp\/v2\/types\/page"}],"author":[{"embeddable":true,"href":"https:\/\/nuttyscientists.com\/plantilla2024v2\/wp-json\/wp\/v2\/users\/1"}],"replies":[{"embeddable":true,"href":"https:\/\/nuttyscientists.com\/plantilla2024v2\/wp-json\/wp\/v2\/comments?post=23"}],"version-history":[{"count":0,"href":"https:\/\/nuttyscientists.com\/plantilla2024v2\/wp-json\/wp\/v2\/pages\/23\/revisions"}],"up":[{"embeddable":true,"href":"https:\/\/nuttyscientists.com\/plantilla2024v2\/wp-json\/wp\/v2\/pages\/7"}],"wp:featuredmedia":[{"embeddable":true,"href":"https:\/\/nuttyscientists.com\/plantilla2024v2\/wp-json\/wp\/v2\/media\/240"}],"wp:attachment":[{"href":"https:\/\/nuttyscientists.com\/plantilla2024v2\/wp-json\/wp\/v2\/media?parent=23"}],"curies":[{"name":"wp","href":"https:\/\/api.w.org\/{rel}","templated":true}]}}