{"id":11,"date":"2015-07-24T11:58:14","date_gmt":"2015-07-24T11:58:14","guid":{"rendered":"http:\/\/nuttyscientists.co\/subsite\/?page_id=11"},"modified":"2024-02-14T09:33:27","modified_gmt":"2024-02-14T15:33:27","slug":"about-us","status":"publish","type":"page","link":"https:\/\/nuttyscientists.com\/plantilla2024v2\/about-us\/","title":{"rendered":"Sobre nosotros"},"content":{"rendered":"<p><img decoding=\"async\" class=\"alignright\" src=\"\/cdmx\/wp-content\/uploads\/sites\/42\/2015\/08\/article-image-2.jpg\" alt=\"Sobre nosotros Nutty Scientists\" \/><\/p>\n<p>Una comunidad que siempre se ha apasionado por proporcionar a los ni\u00f1os una experiencia educativa positiva, CDMX entiende la importancia de hacer que el aprendizaje sea divertido, especialmente cuando se trata de ense\u00f1ar ciencias.<\/p>\n<p>Las innovadoras t\u00e9cnicas de ense\u00f1anza y el plan de estudios de Nutty Scientists son una forma eficaz de entusiasmar a los ni\u00f1os con la ciencia. Fomentando las mentes de los j\u00f3venes de hoy a trav\u00e9s de actividades pr\u00e1cticas e interactivas, Nutty Scientists es un gran beneficio para las familias y los ni\u00f1os de la gran comunidad de CDMX.<\/p>\n<h2>Somos l\u00edderes mundiales en programas infantiles interactivos desde 1996.<\/h2>\n<p>Nutty Scientists es el proveedor l\u00edder de programas interactivos para ni\u00f1os de todas las edades relacionados con el aprendizaje de la ciencia, la tecnolog\u00eda, la ingenier\u00eda y las matem\u00e1ticas (STEM). Desde 1996 desarrollamos actividades apropiadas para ni\u00f1os que fomentan su inter\u00e9s por la ciencia y su impacto en el mundo actual.<\/p>\n<p>Tambi\u00e9n ofrecemos actividades pr\u00e1cticas que muestran temas medioambientales y de salud de una forma diferente, entretenida y l\u00fadica. De hecho, nos hemos asociado con algunas de las mayores empresas del mundo para difundir mensajes de conservaci\u00f3n entre los ni\u00f1os de todo el mundo.<\/p>\n<p>M\u00e1s de 9 millones de ni\u00f1os han participado en alguno de nuestros programas en todo el mundo.<\/p>\n\t\t\t<div class=\"colored-container\" style=\"background-color: #0091d1;\" >\r\n\t\t\t\t\t\t\t\t\t<h2><span>De un vistazo:<\/span><\/h2>\r\n\t\t\t\t\r\n\t\t\t\t<ul>\n<li>Somos un l\u00edder mundial en Programas de Enriquecimiento Cient\u00edfico con oficinas en cerca de 50 pa\u00edses.<\/li>\n<li>Trabajamos con ni\u00f1os de entre 3 y 16 a\u00f1os.<\/li>\n<li>Ense\u00f1amos ciencia empleando entretenimiento y otras metodolog\u00edas innovadoras para que los ni\u00f1os retengan informaci\u00f3n educativa valiosa.<\/li>\n<li>Fomentamos la participaci\u00f3n de los ni\u00f1os.<\/li>\n<li>Promovemos la concienciaci\u00f3n medioambiental, nutricional y de la salud.<\/li>\n<li>Fomentamos la experimentaci\u00f3n como herramienta de aprendizaje.<\/li>\n<li>Aprovechamos el proceso cient\u00edfico como forma de aprender y descubrir.<\/li>\n<li>Fomentamos el amor por la ciencia al tiempo que desarrollamos la creatividad, la capacidad de soluci\u00f3n de problemas y la autoestima de los ni\u00f1os.<\/li>\n<\/ul>\n\t\t\t<\/div>\r\n\t\t\n<h2><\/h2>\n","protected":false},"excerpt":{"rendered":"Una comunidad que siempre se ha apasionado por proporcionar a los ni\u00f1os una experiencia educativa positiva, CDMX entiende la importancia de hacer que el aprendizaje sea divertido, especialmente cuando se trata de ense\u00f1ar ciencias. Las innovadoras t\u00e9cnicas de ense\u00f1anza y el plan\n <a href=\"https:\/\/nuttyscientists.com\/plantilla2024v2\/about-us\/\" class=\"link-more\">Read more<\/a>","protected":false},"author":1,"featured_media":122,"parent":0,"menu_order":0,"comment_status":"open","ping_status":"open","template":"","meta":{"footnotes":""},"class_list":["post-11","page","type-page","status-publish","has-post-thumbnail","hentry"],"yoast_head":"<!-- This site is optimized with the Yoast SEO plugin v26.2 - https:\/\/yoast.com\/wordpress\/plugins\/seo\/ -->\n<title>Sobre nosotros - Plantilla 2024 v2<\/title>\n<meta name=\"robots\" content=\"index, follow, max-snippet:-1, max-image-preview:large, max-video-preview:-1\" \/>\n<link rel=\"canonical\" href=\"https:\/\/nuttyscientists.com\/plantilla2024v2\/about-us\/\" \/>\n<meta property=\"og:locale\" content=\"es_ES\" \/>\n<meta property=\"og:type\" content=\"article\" \/>\n<meta property=\"og:title\" content=\"Sobre nosotros - Plantilla 2024 v2\" \/>\n<meta property=\"og:description\" content=\"Una comunidad que siempre se ha apasionado por proporcionar a los ni\u00f1os una experiencia educativa positiva, CDMX entiende la importancia de hacer que el aprendizaje sea divertido, especialmente cuando se trata de ense\u00f1ar ciencias. Las innovadoras t\u00e9cnicas de ense\u00f1anza y el plan{{{https:\/\/nuttyscientists.com\/plantilla2024v2\/about-us\/}}}\" \/>\n<meta property=\"og:url\" content=\"https:\/\/nuttyscientists.com\/plantilla2024v2\/about-us\/\" \/>\n<meta property=\"og:site_name\" content=\"Plantilla 2024 v2\" \/>\n<meta property=\"article:publisher\" content=\"https:\/\/www.facebook.com\/nuttyscientistshudsonvalley\" \/>\n<meta property=\"article:modified_time\" content=\"2024-02-14T15:33:27+00:00\" \/>\n<meta property=\"og:image\" content=\"https:\/\/nuttyscientists.com\/plantilla2024v2\/wp-content\/uploads\/sites\/42\/2015\/07\/featured-image-2.jpg\" \/>\n\t<meta property=\"og:image:width\" content=\"1398\" \/>\n\t<meta property=\"og:image:height\" content=\"435\" \/>\n\t<meta property=\"og:image:type\" content=\"image\/jpeg\" \/>\n<meta name=\"twitter:card\" content=\"summary_large_image\" \/>\n<meta name=\"twitter:label1\" content=\"Tiempo de lectura\" \/>\n\t<meta name=\"twitter:data1\" content=\"2 minutos\" \/>\n<script type=\"application\/ld+json\" class=\"yoast-schema-graph\">{\"@context\":\"https:\/\/schema.org\",\"@graph\":[{\"@type\":\"WebPage\",\"@id\":\"https:\/\/nuttyscientists.com\/plantilla2024v2\/about-us\/\",\"url\":\"https:\/\/nuttyscientists.com\/plantilla2024v2\/about-us\/\",\"name\":\"Sobre nosotros - Plantilla 2024 v2\",\"isPartOf\":{\"@id\":\"https:\/\/nuttyscientists.com\/plantilla2024v2\/#website\"},\"primaryImageOfPage\":{\"@id\":\"https:\/\/nuttyscientists.com\/plantilla2024v2\/about-us\/#primaryimage\"},\"image\":{\"@id\":\"https:\/\/nuttyscientists.com\/plantilla2024v2\/about-us\/#primaryimage\"},\"thumbnailUrl\":\"https:\/\/nuttyscientists.com\/plantilla2024v2\/wp-content\/uploads\/sites\/42\/2015\/07\/featured-image-2.jpg\",\"datePublished\":\"2015-07-24T11:58:14+00:00\",\"dateModified\":\"2024-02-14T15:33:27+00:00\",\"breadcrumb\":{\"@id\":\"https:\/\/nuttyscientists.com\/plantilla2024v2\/about-us\/#breadcrumb\"},\"inLanguage\":\"es\",\"potentialAction\":[{\"@type\":\"ReadAction\",\"target\":[\"https:\/\/nuttyscientists.com\/plantilla2024v2\/about-us\/\"]}]},{\"@type\":\"ImageObject\",\"inLanguage\":\"es\",\"@id\":\"https:\/\/nuttyscientists.com\/plantilla2024v2\/about-us\/#primaryimage\",\"url\":\"https:\/\/nuttyscientists.com\/plantilla2024v2\/wp-content\/uploads\/sites\/42\/2015\/07\/featured-image-2.jpg\",\"contentUrl\":\"https:\/\/nuttyscientists.com\/plantilla2024v2\/wp-content\/uploads\/sites\/42\/2015\/07\/featured-image-2.jpg\",\"width\":1398,\"height\":435},{\"@type\":\"BreadcrumbList\",\"@id\":\"https:\/\/nuttyscientists.com\/plantilla2024v2\/about-us\/#breadcrumb\",\"itemListElement\":[{\"@type\":\"ListItem\",\"position\":1,\"name\":\"Home\",\"item\":\"https:\/\/nuttyscientists.com\/plantilla2024v2\/\"},{\"@type\":\"ListItem\",\"position\":2,\"name\":\"Sobre nosotros\"}]},{\"@type\":\"WebSite\",\"@id\":\"https:\/\/nuttyscientists.com\/plantilla2024v2\/#website\",\"url\":\"https:\/\/nuttyscientists.com\/plantilla2024v2\/\",\"name\":\"Plantilla 2024 v2\",\"description\":\"Outreach STEAM programs for kids in the CDMX\",\"publisher\":{\"@id\":\"https:\/\/nuttyscientists.com\/plantilla2024v2\/#organization\"},\"potentialAction\":[{\"@type\":\"SearchAction\",\"target\":{\"@type\":\"EntryPoint\",\"urlTemplate\":\"https:\/\/nuttyscientists.com\/plantilla2024v2\/?s={search_term_string}\"},\"query-input\":{\"@type\":\"PropertyValueSpecification\",\"valueRequired\":true,\"valueName\":\"search_term_string\"}}],\"inLanguage\":\"es\"},{\"@type\":\"Organization\",\"@id\":\"https:\/\/nuttyscientists.com\/plantilla2024v2\/#organization\",\"name\":\"Plantilla 2024 v2\",\"url\":\"https:\/\/nuttyscientists.com\/plantilla2024v2\/\",\"logo\":{\"@type\":\"ImageObject\",\"inLanguage\":\"es\",\"@id\":\"https:\/\/nuttyscientists.com\/plantilla2024v2\/#\/schema\/logo\/image\/\",\"url\":\"https:\/\/nuttyscientists.com\/plantilla2024v2\/wp-content\/uploads\/sites\/42\/2023\/03\/logosnutty-03.png\",\"contentUrl\":\"https:\/\/nuttyscientists.com\/plantilla2024v2\/wp-content\/uploads\/sites\/42\/2023\/03\/logosnutty-03.png\",\"width\":1754,\"height\":1742,\"caption\":\"Plantilla 2024 v2\"},\"image\":{\"@id\":\"https:\/\/nuttyscientists.com\/plantilla2024v2\/#\/schema\/logo\/image\/\"},\"sameAs\":[\"https:\/\/www.facebook.com\/nuttyscientistshudsonvalley\"]}]}<\/script>\n<!-- \/ Yoast SEO plugin. -->","yoast_head_json":{"title":"Sobre nosotros - Plantilla 2024 v2","robots":{"index":"index","follow":"follow","max-snippet":"max-snippet:-1","max-image-preview":"max-image-preview:large","max-video-preview":"max-video-preview:-1"},"canonical":"https:\/\/nuttyscientists.com\/plantilla2024v2\/about-us\/","og_locale":"es_ES","og_type":"article","og_title":"Sobre nosotros - Plantilla 2024 v2","og_description":"Una comunidad que siempre se ha apasionado por proporcionar a los ni\u00f1os una experiencia educativa positiva, CDMX entiende la importancia de hacer que el aprendizaje sea divertido, especialmente cuando se trata de ense\u00f1ar ciencias. Las innovadoras t\u00e9cnicas de ense\u00f1anza y el plan{{{https:\/\/nuttyscientists.com\/plantilla2024v2\/about-us\/}}}","og_url":"https:\/\/nuttyscientists.com\/plantilla2024v2\/about-us\/","og_site_name":"Plantilla 2024 v2","article_publisher":"https:\/\/www.facebook.com\/nuttyscientistshudsonvalley","article_modified_time":"2024-02-14T15:33:27+00:00","og_image":[{"width":1398,"height":435,"url":"https:\/\/nuttyscientists.com\/plantilla2024v2\/wp-content\/uploads\/sites\/42\/2015\/07\/featured-image-2.jpg","type":"image\/jpeg"}],"twitter_card":"summary_large_image","twitter_misc":{"Tiempo de lectura":"2 minutos"},"schema":{"@context":"https:\/\/schema.org","@graph":[{"@type":"WebPage","@id":"https:\/\/nuttyscientists.com\/plantilla2024v2\/about-us\/","url":"https:\/\/nuttyscientists.com\/plantilla2024v2\/about-us\/","name":"Sobre nosotros - Plantilla 2024 v2","isPartOf":{"@id":"https:\/\/nuttyscientists.com\/plantilla2024v2\/#website"},"primaryImageOfPage":{"@id":"https:\/\/nuttyscientists.com\/plantilla2024v2\/about-us\/#primaryimage"},"image":{"@id":"https:\/\/nuttyscientists.com\/plantilla2024v2\/about-us\/#primaryimage"},"thumbnailUrl":"https:\/\/nuttyscientists.com\/plantilla2024v2\/wp-content\/uploads\/sites\/42\/2015\/07\/featured-image-2.jpg","datePublished":"2015-07-24T11:58:14+00:00","dateModified":"2024-02-14T15:33:27+00:00","breadcrumb":{"@id":"https:\/\/nuttyscientists.com\/plantilla2024v2\/about-us\/#breadcrumb"},"inLanguage":"es","potentialAction":[{"@type":"ReadAction","target":["https:\/\/nuttyscientists.com\/plantilla2024v2\/about-us\/"]}]},{"@type":"ImageObject","inLanguage":"es","@id":"https:\/\/nuttyscientists.com\/plantilla2024v2\/about-us\/#primaryimage","url":"https:\/\/nuttyscientists.com\/plantilla2024v2\/wp-content\/uploads\/sites\/42\/2015\/07\/featured-image-2.jpg","contentUrl":"https:\/\/nuttyscientists.com\/plantilla2024v2\/wp-content\/uploads\/sites\/42\/2015\/07\/featured-image-2.jpg","width":1398,"height":435},{"@type":"BreadcrumbList","@id":"https:\/\/nuttyscientists.com\/plantilla2024v2\/about-us\/#breadcrumb","itemListElement":[{"@type":"ListItem","position":1,"name":"Home","item":"https:\/\/nuttyscientists.com\/plantilla2024v2\/"},{"@type":"ListItem","position":2,"name":"Sobre nosotros"}]},{"@type":"WebSite","@id":"https:\/\/nuttyscientists.com\/plantilla2024v2\/#website","url":"https:\/\/nuttyscientists.com\/plantilla2024v2\/","name":"Plantilla 2024 v2","description":"Outreach STEAM programs for kids in the CDMX","publisher":{"@id":"https:\/\/nuttyscientists.com\/plantilla2024v2\/#organization"},"potentialAction":[{"@type":"SearchAction","target":{"@type":"EntryPoint","urlTemplate":"https:\/\/nuttyscientists.com\/plantilla2024v2\/?s={search_term_string}"},"query-input":{"@type":"PropertyValueSpecification","valueRequired":true,"valueName":"search_term_string"}}],"inLanguage":"es"},{"@type":"Organization","@id":"https:\/\/nuttyscientists.com\/plantilla2024v2\/#organization","name":"Plantilla 2024 v2","url":"https:\/\/nuttyscientists.com\/plantilla2024v2\/","logo":{"@type":"ImageObject","inLanguage":"es","@id":"https:\/\/nuttyscientists.com\/plantilla2024v2\/#\/schema\/logo\/image\/","url":"https:\/\/nuttyscientists.com\/plantilla2024v2\/wp-content\/uploads\/sites\/42\/2023\/03\/logosnutty-03.png","contentUrl":"https:\/\/nuttyscientists.com\/plantilla2024v2\/wp-content\/uploads\/sites\/42\/2023\/03\/logosnutty-03.png","width":1754,"height":1742,"caption":"Plantilla 2024 v2"},"image":{"@id":"https:\/\/nuttyscientists.com\/plantilla2024v2\/#\/schema\/logo\/image\/"},"sameAs":["https:\/\/www.facebook.com\/nuttyscientistshudsonvalley"]}]}},"aioseo_notices":[],"_links":{"self":[{"href":"https:\/\/nuttyscientists.com\/plantilla2024v2\/wp-json\/wp\/v2\/pages\/11","targetHints":{"allow":["GET"]}}],"collection":[{"href":"https:\/\/nuttyscientists.com\/plantilla2024v2\/wp-json\/wp\/v2\/pages"}],"about":[{"href":"https:\/\/nuttyscientists.com\/plantilla2024v2\/wp-json\/wp\/v2\/types\/page"}],"author":[{"embeddable":true,"href":"https:\/\/nuttyscientists.com\/plantilla2024v2\/wp-json\/wp\/v2\/users\/1"}],"replies":[{"embeddable":true,"href":"https:\/\/nuttyscientists.com\/plantilla2024v2\/wp-json\/wp\/v2\/comments?post=11"}],"version-history":[{"count":0,"href":"https:\/\/nuttyscientists.com\/plantilla2024v2\/wp-json\/wp\/v2\/pages\/11\/revisions"}],"wp:featuredmedia":[{"embeddable":true,"href":"https:\/\/nuttyscientists.com\/plantilla2024v2\/wp-json\/wp\/v2\/media\/122"}],"wp:attachment":[{"href":"https:\/\/nuttyscientists.com\/plantilla2024v2\/wp-json\/wp\/v2\/media?parent=11"}],"curies":[{"name":"wp","href":"https:\/\/api.w.org\/{rel}","templated":true}]}}