{"id":9,"date":"2015-07-24T11:58:06","date_gmt":"2015-07-24T11:58:06","guid":{"rendered":"http:\/\/nuttyscientists.co\/subsite\/?page_id=9"},"modified":"2024-02-26T08:54:14","modified_gmt":"2024-02-26T14:54:14","slug":"what-kids-learn","status":"publish","type":"page","link":"https:\/\/nuttyscientists.com\/cdmx\/about-us\/what-kids-learn\/","title":{"rendered":"Lo que aprenden los ni\u00f1os"},"content":{"rendered":"<p>Los espect\u00e1culos y talleres de Nutty Scientists estimulan la imaginaci\u00f3n y el esp\u00edritu de los ni\u00f1os, despiertan su curiosidad y fomentan un entorno en el que se les anima a participar, reforzando su autoestima.<\/p>\n\t\t<div class=\"video video-caption\">\r\n\t\t\t<a href=\"\/\/www.youtube.com\/embed\/BgqFLFmb4tU\" target=\"_blank\" >\r\n\t\t\t\t<img decoding=\"async\" src=\"\/cdmx\/wp-content\/uploads\/sites\/40\/2024\/02\/caption_video_nutty_feb2024_big.jpg\" alt=\"\" \/>\r\n\t\t\t<\/a>\r\n\r\n\t\t\t\t\t\t\t<p class=\"caption\">Volverse loco por la ciencia<\/p>\r\n\t\t\t\t\t<\/div><!-- \/.video -->\r\n\t\t\n<h2>Para nosotros, <em>c\u00f3mo<\/em> aprenden los ni\u00f1os es tan importante como <em>qu\u00e9<\/em> aprenden.<\/h2>\n<p>Nutty Scientists CDMX se enorgullece de hacer las cosas un poco diferentes. De hecho, nos atrevemos a decir que nadie en el mundo ense\u00f1a como nosotros. Nuestros programas se nutren de la experiencia de reconocidos cient\u00edficos de todos los rincones del planeta.<\/p>\n<h2>La metodolog\u00eda de Nutty Scientists<\/h2>\n<p>Nutty Scientists CDMX crea divertidas, pr\u00e1cticas y espectaculares actividades interactivas en forma de espect\u00e1culos o talleres dirigidos por nuestro equipo profesional de Nutty Scientists. Al utilizar nuestra metodolog\u00eda pedag\u00f3gica, reconocida y premiada internacionalmente, los ni\u00f1os se convierten en participantes activos y reciben experiencias educativas emocionantes y memorables.<\/p>\n<p>Esta metodolog\u00eda utiliza varias t\u00e9cnicas educativas:<\/p>\n<ul>\n<li>M\u00e9todo TPR\u00a9 (<em>Total Physical Response,<\/em> respuesta f\u00edsica total<\/li>\n<li>SDAIE\u00a9 (<em>Specifically Designed Academic Instruction in English,<\/em> ense\u00f1anza acad\u00e9mica espec\u00edficamente dise\u00f1ada en ingl\u00e9s)<\/li>\n<li>PQS\u00a9 (<em>Plonsky Question System,<\/em> sistema de preguntas Plonsky)<\/li>\n<\/ul>\n\t\t\t<div class=\"quote\">\r\n\t\t\t\t<div class=\"wrap cf\">\r\n\t\t\t\t\t<div class=\"entry\">\r\n\t\t\t\t\t\t<h5>Tal y como afirm\u00f3 Confucio:<\/h5>\n<p>\u201cMe lo contaron y lo olvid\u00e9; lo vi y lo entend\u00ed; lo hice y lo aprend\u00ed\u00bb<\/p>\n\t\t\t\t\t<\/div><!-- \/.entry -->\r\n\t\t\t\t<\/div><!-- \/.wrap -->\r\n\t\t\t<\/div><!-- \/.quote -->\r\n\t\t\n","protected":false},"excerpt":{"rendered":"Los espect\u00e1culos y talleres de Nutty Scientists estimulan la imaginaci\u00f3n y el esp\u00edritu de los ni\u00f1os, despiertan su curiosidad y fomentan un entorno en el que se les anima a participar, reforzando su autoestima. Para nosotros, c\u00f3mo aprenden los ni\u00f1os es tan\n <a href=\"https:\/\/nuttyscientists.com\/cdmx\/about-us\/what-kids-learn\/\" class=\"link-more\">Read more<\/a>","protected":false},"author":1,"featured_media":243,"parent":11,"menu_order":0,"comment_status":"open","ping_status":"open","template":"","meta":{"footnotes":""},"class_list":["post-9","page","type-page","status-publish","has-post-thumbnail","hentry"],"yoast_head":"<!-- This site is optimized with the Yoast SEO plugin v26.2 - https:\/\/yoast.com\/wordpress\/plugins\/seo\/ -->\n<title>Lo que aprenden los ni\u00f1os - Nutty Scientists CDMX<\/title>\n<meta name=\"robots\" content=\"index, follow, max-snippet:-1, max-image-preview:large, max-video-preview:-1\" \/>\n<link rel=\"canonical\" href=\"https:\/\/nuttyscientists.com\/cdmx\/about-us\/what-kids-learn\/\" \/>\n<meta property=\"og:locale\" content=\"es_ES\" \/>\n<meta property=\"og:type\" content=\"article\" \/>\n<meta property=\"og:title\" content=\"Lo que aprenden los ni\u00f1os - Nutty Scientists CDMX\" \/>\n<meta property=\"og:description\" content=\"Los espect\u00e1culos y talleres de Nutty Scientists estimulan la imaginaci\u00f3n y el esp\u00edritu de los ni\u00f1os, despiertan su curiosidad y fomentan un entorno en el que se les anima a participar, reforzando su autoestima. Para nosotros, c\u00f3mo aprenden los ni\u00f1os es tan{{{https:\/\/nuttyscientists.com\/cdmx\/about-us\/what-kids-learn\/}}}\" \/>\n<meta property=\"og:url\" content=\"https:\/\/nuttyscientists.com\/cdmx\/about-us\/what-kids-learn\/\" \/>\n<meta property=\"og:site_name\" content=\"Nutty Scientists CDMX\" \/>\n<meta property=\"article:publisher\" content=\"https:\/\/www.facebook.com\/nuttyscientistshudsonvalley\" \/>\n<meta property=\"article:modified_time\" content=\"2024-02-26T14:54:14+00:00\" \/>\n<meta property=\"og:image\" content=\"https:\/\/nuttyscientists.com\/cdmx\/wp-content\/uploads\/sites\/40\/2015\/07\/featured-image-4.jpg\" \/>\n\t<meta property=\"og:image:width\" content=\"1400\" \/>\n\t<meta property=\"og:image:height\" content=\"435\" \/>\n\t<meta property=\"og:image:type\" content=\"image\/jpeg\" \/>\n<meta name=\"twitter:card\" content=\"summary_large_image\" \/>\n<meta name=\"twitter:label1\" content=\"Tiempo de lectura\" \/>\n\t<meta name=\"twitter:data1\" content=\"1 minuto\" \/>\n<script type=\"application\/ld+json\" class=\"yoast-schema-graph\">{\"@context\":\"https:\/\/schema.org\",\"@graph\":[{\"@type\":\"WebPage\",\"@id\":\"https:\/\/nuttyscientists.com\/cdmx\/about-us\/what-kids-learn\/\",\"url\":\"https:\/\/nuttyscientists.com\/cdmx\/about-us\/what-kids-learn\/\",\"name\":\"Lo que aprenden los ni\u00f1os - Nutty Scientists CDMX\",\"isPartOf\":{\"@id\":\"https:\/\/nuttyscientists.com\/cdmx\/#website\"},\"primaryImageOfPage\":{\"@id\":\"https:\/\/nuttyscientists.com\/cdmx\/about-us\/what-kids-learn\/#primaryimage\"},\"image\":{\"@id\":\"https:\/\/nuttyscientists.com\/cdmx\/about-us\/what-kids-learn\/#primaryimage\"},\"thumbnailUrl\":\"https:\/\/nuttyscientists.com\/cdmx\/wp-content\/uploads\/sites\/40\/2015\/07\/featured-image-4.jpg\",\"datePublished\":\"2015-07-24T11:58:06+00:00\",\"dateModified\":\"2024-02-26T14:54:14+00:00\",\"breadcrumb\":{\"@id\":\"https:\/\/nuttyscientists.com\/cdmx\/about-us\/what-kids-learn\/#breadcrumb\"},\"inLanguage\":\"es\",\"potentialAction\":[{\"@type\":\"ReadAction\",\"target\":[\"https:\/\/nuttyscientists.com\/cdmx\/about-us\/what-kids-learn\/\"]}]},{\"@type\":\"ImageObject\",\"inLanguage\":\"es\",\"@id\":\"https:\/\/nuttyscientists.com\/cdmx\/about-us\/what-kids-learn\/#primaryimage\",\"url\":\"https:\/\/nuttyscientists.com\/cdmx\/wp-content\/uploads\/sites\/40\/2015\/07\/featured-image-4.jpg\",\"contentUrl\":\"https:\/\/nuttyscientists.com\/cdmx\/wp-content\/uploads\/sites\/40\/2015\/07\/featured-image-4.jpg\",\"width\":1400,\"height\":435},{\"@type\":\"BreadcrumbList\",\"@id\":\"https:\/\/nuttyscientists.com\/cdmx\/about-us\/what-kids-learn\/#breadcrumb\",\"itemListElement\":[{\"@type\":\"ListItem\",\"position\":1,\"name\":\"Home\",\"item\":\"https:\/\/nuttyscientists.com\/cdmx\/\"},{\"@type\":\"ListItem\",\"position\":2,\"name\":\"Sobre nosotros\",\"item\":\"https:\/\/nuttyscientists.com\/cdmx\/about-us\/\"},{\"@type\":\"ListItem\",\"position\":3,\"name\":\"Lo que aprenden los ni\u00f1os\"}]},{\"@type\":\"WebSite\",\"@id\":\"https:\/\/nuttyscientists.com\/cdmx\/#website\",\"url\":\"https:\/\/nuttyscientists.com\/cdmx\/\",\"name\":\"Nutty Scientists CDMX\",\"description\":\"Outreach STEAM programs for kids in the CDMX\",\"publisher\":{\"@id\":\"https:\/\/nuttyscientists.com\/cdmx\/#organization\"},\"potentialAction\":[{\"@type\":\"SearchAction\",\"target\":{\"@type\":\"EntryPoint\",\"urlTemplate\":\"https:\/\/nuttyscientists.com\/cdmx\/?s={search_term_string}\"},\"query-input\":{\"@type\":\"PropertyValueSpecification\",\"valueRequired\":true,\"valueName\":\"search_term_string\"}}],\"inLanguage\":\"es\"},{\"@type\":\"Organization\",\"@id\":\"https:\/\/nuttyscientists.com\/cdmx\/#organization\",\"name\":\"Nutty Scientists CDMX\",\"url\":\"https:\/\/nuttyscientists.com\/cdmx\/\",\"logo\":{\"@type\":\"ImageObject\",\"inLanguage\":\"es\",\"@id\":\"https:\/\/nuttyscientists.com\/cdmx\/#\/schema\/logo\/image\/\",\"url\":\"https:\/\/nuttyscientists.com\/cdmx\/wp-content\/uploads\/sites\/40\/2023\/03\/logosnutty-03.png\",\"contentUrl\":\"https:\/\/nuttyscientists.com\/cdmx\/wp-content\/uploads\/sites\/40\/2023\/03\/logosnutty-03.png\",\"width\":1754,\"height\":1742,\"caption\":\"Nutty Scientists CDMX\"},\"image\":{\"@id\":\"https:\/\/nuttyscientists.com\/cdmx\/#\/schema\/logo\/image\/\"},\"sameAs\":[\"https:\/\/www.facebook.com\/nuttyscientistshudsonvalley\"]}]}<\/script>\n<!-- \/ Yoast SEO plugin. -->","yoast_head_json":{"title":"Lo que aprenden los ni\u00f1os - Nutty Scientists CDMX","robots":{"index":"index","follow":"follow","max-snippet":"max-snippet:-1","max-image-preview":"max-image-preview:large","max-video-preview":"max-video-preview:-1"},"canonical":"https:\/\/nuttyscientists.com\/cdmx\/about-us\/what-kids-learn\/","og_locale":"es_ES","og_type":"article","og_title":"Lo que aprenden los ni\u00f1os - Nutty Scientists CDMX","og_description":"Los espect\u00e1culos y talleres de Nutty Scientists estimulan la imaginaci\u00f3n y el esp\u00edritu de los ni\u00f1os, despiertan su curiosidad y fomentan un entorno en el que se les anima a participar, reforzando su autoestima. Para nosotros, c\u00f3mo aprenden los ni\u00f1os es tan{{{https:\/\/nuttyscientists.com\/cdmx\/about-us\/what-kids-learn\/}}}","og_url":"https:\/\/nuttyscientists.com\/cdmx\/about-us\/what-kids-learn\/","og_site_name":"Nutty Scientists CDMX","article_publisher":"https:\/\/www.facebook.com\/nuttyscientistshudsonvalley","article_modified_time":"2024-02-26T14:54:14+00:00","og_image":[{"width":1400,"height":435,"url":"https:\/\/nuttyscientists.com\/cdmx\/wp-content\/uploads\/sites\/40\/2015\/07\/featured-image-4.jpg","type":"image\/jpeg"}],"twitter_card":"summary_large_image","twitter_misc":{"Tiempo de lectura":"1 minuto"},"schema":{"@context":"https:\/\/schema.org","@graph":[{"@type":"WebPage","@id":"https:\/\/nuttyscientists.com\/cdmx\/about-us\/what-kids-learn\/","url":"https:\/\/nuttyscientists.com\/cdmx\/about-us\/what-kids-learn\/","name":"Lo que aprenden los ni\u00f1os - Nutty Scientists CDMX","isPartOf":{"@id":"https:\/\/nuttyscientists.com\/cdmx\/#website"},"primaryImageOfPage":{"@id":"https:\/\/nuttyscientists.com\/cdmx\/about-us\/what-kids-learn\/#primaryimage"},"image":{"@id":"https:\/\/nuttyscientists.com\/cdmx\/about-us\/what-kids-learn\/#primaryimage"},"thumbnailUrl":"https:\/\/nuttyscientists.com\/cdmx\/wp-content\/uploads\/sites\/40\/2015\/07\/featured-image-4.jpg","datePublished":"2015-07-24T11:58:06+00:00","dateModified":"2024-02-26T14:54:14+00:00","breadcrumb":{"@id":"https:\/\/nuttyscientists.com\/cdmx\/about-us\/what-kids-learn\/#breadcrumb"},"inLanguage":"es","potentialAction":[{"@type":"ReadAction","target":["https:\/\/nuttyscientists.com\/cdmx\/about-us\/what-kids-learn\/"]}]},{"@type":"ImageObject","inLanguage":"es","@id":"https:\/\/nuttyscientists.com\/cdmx\/about-us\/what-kids-learn\/#primaryimage","url":"https:\/\/nuttyscientists.com\/cdmx\/wp-content\/uploads\/sites\/40\/2015\/07\/featured-image-4.jpg","contentUrl":"https:\/\/nuttyscientists.com\/cdmx\/wp-content\/uploads\/sites\/40\/2015\/07\/featured-image-4.jpg","width":1400,"height":435},{"@type":"BreadcrumbList","@id":"https:\/\/nuttyscientists.com\/cdmx\/about-us\/what-kids-learn\/#breadcrumb","itemListElement":[{"@type":"ListItem","position":1,"name":"Home","item":"https:\/\/nuttyscientists.com\/cdmx\/"},{"@type":"ListItem","position":2,"name":"Sobre nosotros","item":"https:\/\/nuttyscientists.com\/cdmx\/about-us\/"},{"@type":"ListItem","position":3,"name":"Lo que aprenden los ni\u00f1os"}]},{"@type":"WebSite","@id":"https:\/\/nuttyscientists.com\/cdmx\/#website","url":"https:\/\/nuttyscientists.com\/cdmx\/","name":"Nutty Scientists CDMX","description":"Outreach STEAM programs for kids in the CDMX","publisher":{"@id":"https:\/\/nuttyscientists.com\/cdmx\/#organization"},"potentialAction":[{"@type":"SearchAction","target":{"@type":"EntryPoint","urlTemplate":"https:\/\/nuttyscientists.com\/cdmx\/?s={search_term_string}"},"query-input":{"@type":"PropertyValueSpecification","valueRequired":true,"valueName":"search_term_string"}}],"inLanguage":"es"},{"@type":"Organization","@id":"https:\/\/nuttyscientists.com\/cdmx\/#organization","name":"Nutty Scientists CDMX","url":"https:\/\/nuttyscientists.com\/cdmx\/","logo":{"@type":"ImageObject","inLanguage":"es","@id":"https:\/\/nuttyscientists.com\/cdmx\/#\/schema\/logo\/image\/","url":"https:\/\/nuttyscientists.com\/cdmx\/wp-content\/uploads\/sites\/40\/2023\/03\/logosnutty-03.png","contentUrl":"https:\/\/nuttyscientists.com\/cdmx\/wp-content\/uploads\/sites\/40\/2023\/03\/logosnutty-03.png","width":1754,"height":1742,"caption":"Nutty Scientists CDMX"},"image":{"@id":"https:\/\/nuttyscientists.com\/cdmx\/#\/schema\/logo\/image\/"},"sameAs":["https:\/\/www.facebook.com\/nuttyscientistshudsonvalley"]}]}},"aioseo_notices":[],"_links":{"self":[{"href":"https:\/\/nuttyscientists.com\/cdmx\/wp-json\/wp\/v2\/pages\/9","targetHints":{"allow":["GET"]}}],"collection":[{"href":"https:\/\/nuttyscientists.com\/cdmx\/wp-json\/wp\/v2\/pages"}],"about":[{"href":"https:\/\/nuttyscientists.com\/cdmx\/wp-json\/wp\/v2\/types\/page"}],"author":[{"embeddable":true,"href":"https:\/\/nuttyscientists.com\/cdmx\/wp-json\/wp\/v2\/users\/1"}],"replies":[{"embeddable":true,"href":"https:\/\/nuttyscientists.com\/cdmx\/wp-json\/wp\/v2\/comments?post=9"}],"version-history":[{"count":0,"href":"https:\/\/nuttyscientists.com\/cdmx\/wp-json\/wp\/v2\/pages\/9\/revisions"}],"up":[{"embeddable":true,"href":"https:\/\/nuttyscientists.com\/cdmx\/wp-json\/wp\/v2\/pages\/11"}],"wp:featuredmedia":[{"embeddable":true,"href":"https:\/\/nuttyscientists.com\/cdmx\/wp-json\/wp\/v2\/media\/243"}],"wp:attachment":[{"href":"https:\/\/nuttyscientists.com\/cdmx\/wp-json\/wp\/v2\/media?parent=9"}],"curies":[{"name":"wp","href":"https:\/\/api.w.org\/{rel}","templated":true}]}}